8
-31622
What is -3647 (base 10) in base 8?
-7077
Convert -115455 (base 6) to base 7.
-42056
What is 18272 (base 11) in base 2?
110010000001010
-110000 (base 3) to base 14
-192
431110 (base 5) to base 6
151134
Convert -10101111000 (base 2) to base 16.
-578
What is -653 (base 16) in base 4?
-121103
What is 34200 (base 5) in base 14?
c53
What is -62a (base 12) in base 13?
-541
-329 (base 16) to base 14
-41b
Convert a89 (base 11) to base 12.
90b
Convert 30111233 (base 4) to base 6.
1025555
1618 (base 15) to base 5
122443
-1828 (base 10) to base 12
-1084
-4894 (base 16) to base 5
-1043310
Convert 976 (base 11) to base 7.
3263
-1602 (base 10) to base 4
-121002
7421 (base 11) to base 16
2660
Convert 4a1 (base 11) to base 13.
36a
Convert 1001022 (base 5) to base 13.
7236
33 (base 13) to base 4
222
-5543 (base 9) to base 7
-14631
Convert 40b4 (base 13) to base 6.
105211
Convert 121323 (base 4) to base 11.
1279
Convert 12121021 (base 3) to base 12.
2444
Convert -13031 (base 4) to base 3.
-122002
-21334 (base 5) to base 11
-1116
-44e (base 15) to base 7
-2561
1307 (base 8) to base 4
23013
-b8ca (base 14) to base 4
-13302322
What is 109b (base 14) in base 16?
b41
Convert 3424 (base 10) to base 13.
1735
13f8 (base 16) to base 3
21000100
-7267 (base 9) to base 11
-4002
Convert -2110 (base 5) to base 6.
-1144
100002033 (base 4) to base 14
19d15
-aa2 (base 14) to base 5
-31402
202102111 (base 3) to base 9
22374
Convert -a98 (base 12) to base 7.
-4352
Convert -210130 (base 5) to base 13.
-31bc
-cf (base 16) to base 12
-153
1232 (base 6) to base 13
1a9
946 (base 10) to base 15
431
-53118 (base 10) to base 15
-10b13
-8722 (base 9) to base 5
-201134
Convert 1424 (base 14) to base 11.
2747
Convert -5526 (base 12) to base 9.
-13783
-1112 (base 16) to base 9
-5885
23541 (base 7) to base 2
1011111011001
Convert -11010000011110 (base 2) to base 7.
-53620
Convert 33334 (base 6) to base 5.
122131
Convert 673 (base 8) to base 4.
12323
-976 (base 16) to base 4
-211312
Convert -12500 (base 7) to base 10.
-3332
Convert -825 (base 10) to base 3.
-1010120
What is 2c4 (base 16) in base 2?
1011000100
Convert 113 (base 15) to base 2.
11110011
-1010 (base 7) to base 8
-536
Convert 46 (base 13) to base 15.
3d
What is -409 (base 11) in base 7?
-1303
What is 377 (base 11) in base 7?
1206
Convert -104 (base 14) to base 5.
-1300
Convert -11933 (base 11) to base 6.
-211053
What is -8c61 (base 13) in base 15?
-5c73
Convert 72b4 (base 12) to base 5.
400040
Convert -211 (base 4) to base 11.
-34
Convert -315 (base 12) to base 11.
-379
Convert 114663 (base 8) to base 15.
b9d2
What is 111100111100001 (base 2) in base 11?
21495
168 (base 14) to base 3
101200
What is 4580 (base 10) in base 15?
1555
4200 (base 9) to base 7
11655
What is 13312233 (base 4) in base 13?
11850
Convert -2840 (base 9) to base 15.
-97c
-100111111 (base 2) to base 12
-227
Convert 15144 (base 8) to base 7.
25461
What is 201 (base 11) in base 12?
183
Convert 80471 (base 9) to base 5.
3143001
What is 554 (base 12) in base 7?
2200
-568 (base 9) to base 4
-13103
830 (base 15) to base 8
3465
What is 50513 (base 6) in base 16?
1a0d
What is 102202221 (base 3) in base 7?
34012
-4111 (base 5) to base 15
-256
1a11 (base 12) to base 7
12163
What is 9d7 (base 14) in base 9?
2610
12122210 (base 3) to base 11
3110
What is 5369 (base 12) in base 10?
9153
330316 (base 7) to base 6
1123304
What is -242115 (base 6) in base 2?
-101001011011111
What is -100000000011 (base 2) in base 8?
-4003
Convert -21a4 (base 12) to base 7.
-13600
Convert 11012100 (base 3) to base 7.
11631
Convert 1100100011000 (base 2) to base 11.
4910
What is -b8 (base 15) in base 10?
-173
What is -2021131 (base 5) in base 4?
-13332122
Convert 874 (base 15) to base 11.
1486
What is -3e2d (base 15) in base 14?
-4bd4
Convert 100111100001 (base 2) to base 16.
9e1
-213414 (base 6) to base 16
-44f2
-1035 (base 6) to base 13
-155
162143 (base 7) to base 16
7ceb
-13345 (base 7) to base 16
-e1a
Convert 321 (base 16) to base 9.
1080
Convert 9a0 (base 13) to base 5.
23101
120303 (base 4) to base 9
2153
What is 9320 (base 12) in base 13?
7395
143323 (base 7) to base 9
41771
What is -412 (base 5) in base 10?
-107
4442 (base 5) to base 13
38b
Convert 10b6a (base 13) to base 16.
772c
-504 (base 11) to base 8
-1141
5365 (base 9) to base 15
1282
What is 57a (base 14) in base 2?
10001000000
What is 40 (base 6) in base 8?
30
Convert 212 (base 6) to base 7.
143
What is -1318 (base 16) in base 6?
-34344
What is 100102012 (base 3) in base 10?
6863
Convert -502 (base 14) to base 5.
-12412
111100110001 (base 2) to base 3
12100001
What is -42457 (base 9) in base 16?
-6dae
134604 (base 8) to base 13
18803
What is -445 (base 8) in base 5?
-2133
-32001 (base 4) to base 16
-381
Convert -17081 (base 13) to base 3.
-2020102022
2748 (base 10) to base 3
10202210
Convert 20051 (base 6) to base 4.
220333
715 (base 11) to base 5
11423
44434 (base 5) to base 12
197b
30033 (base 4) to base 14
3dd
What is 1110100001101 (base 2) in base 5?
214222
14599 (base 15) to base 9
108630
Convert -17805 (base 10) to base 15.
-5420
3620 (base 13) to base 12
44bb
What is 122002 (base 3) in base 12?
325
What is 550 (base 13) in base 10?
910
Convert -2181 (base 12) to base 13.
-18b5
Convert -890 (base 16) to base 11.
-1713
What is 6cf (base 16) in base 15?
7b3
566 (base 8) to base 10
374
-30 (base 4) to base 6
-20
Convert c9c (base 13) to base 14.
b01
What is -14652 (base 8) in base 2?
-1100110101010
What is -1420 (base 6) in base 2?
-101110100
Convert 111101111 (base 2) to base 13.
2c1
2040243 (base 5) to base 2
1000010000011111
1878 (base 11) to base 3
10021022
Convert -284c (base 14) to base 6.
-52552
What is 10001101110110 (base 2) in base 16?
2376
What is 27646 (base 10) in base 14?
a10a
What is -257f (base 16) in base 15?
-2c9e
What is 380 (base 12) in base 4?
20100
What is -d52 (base 15) in base 16?
-bba
What is 100010110 (base 2) in base 9?
338
What is 11110000101 (base 2) in base 16?
785
What is -53ad (base 14) in base 12?
-8451
55856 (base 10) to base 15
1183b
Convert 588 (base 10) to base 6.
2420
-101500 (base 8) to base 2
-1000001101000000
Convert 12b (base 13) to base 2.
11001110
Convert -48627 (base 10) to base 12.
-24183
667 (base 14) to base 8
2363
What is 4121 (base 8) in base 7?
6131
What is -21355 (base 6) in base 5?
-43301
-1000111000 (base 2) to base 9
-701
What is -1692 (base 10) in base 12?
-b90
Convert 1132012 (base 4) to base 7.
23362
What is -189 (base 15) in base 11?
-2a2
11111000011 (base 2) to base 3
2201121
Convert 532 (base 6) to base 9.
242
Convert 12022112 (base 3) to base 7.
14204
15543 (base 6) to base 10
2583
What is -22240 (base 5) in base 14?
-802
What is 114445 (base 6) in base 16?
277d
-3013 (base 5) to base 2
-101111111
17114 (base 11) to base 2
101111000011110
-264 (base 9) to base 8
-334
Convert 14330 (base 8) to base 15.
1d40
-22442 (base 5) to base 16
-656
Convert -2202000 (base 4) to base 5.
-312433
11165 (base 7) to base 14
106c
-10293 (base 10) to base 4
-2200311
What is 200300 (base 4) in base 13?
c53
Convert 22c2 (base 14) to base 11.
4600
Convert 43410 (base 5) to base 16.
ba4
30506 (base 8) to base 11
9528
Convert 11aa1 (base 11) to base 12.
a011
What is -100110222 (base 3) in base 6?
-51555
-8757 (base 14) to base 9
-35081
What is 100032 (base 4) in base 6?
4450
What is 9a9 (base 12) in base 16?
591
What is 2020001001 (base 3) in base 15?
ce7d
e637 (base 16) to base 14
17699
What is 70c (base 16) in base 12?
1064
11011000100101 (base 2) to base 10
13861
What is 2020220 (base 3) in base 9?
2226
-670 (base 9) to base 15
-269
What is 472 (base 10) in base 2?
111011000
Convert 47693 (base 11) to base 5.
4144314
Convert 644 (base 7) to base 10.
326
Convert 7a7 (base 12) to base 15.
50a
Convert 1122303 (base 4) to base 5.
141221
Convert -342f (base 16) to base 15.
-3e59
Convert 11010001011010 (base 2) to base 14.
4c54
-4e (base 15) to base 7
-134
What is 3415 (base 9) in base 10?
2525
Convert 12d2 (base 15) to base 5.
112042
-17363 (base 8) to base 14
-2c5d
Convert -6276 (base 16) to base 9.
-37516
Convert b04 (base 14) to base 5.
32120
Convert 413 (base 7) to base 12.
152
Convert -32104 (base 9) to base 3.
-1002010011
Convert 169a (base 11) to base 14.
b0a
-62518 (base